{"id":36,"date":"2021-02-09T12:29:28","date_gmt":"2021-02-09T11:29:28","guid":{"rendered":"https:\/\/www.bichonfrise.cz\/?page_id=36"},"modified":"2023-01-31T10:25:10","modified_gmt":"2023-01-31T09:25:10","slug":"vystavy","status":"publish","type":"page","link":"https:\/\/www.bichonfrise.cz\/uvod\/vystavy\/","title":{"rendered":"V\u00fdstavy"},"content":{"rendered":"\n<p><\/p>\n\n\n\n<p class=\"has-medium-font-size\"><strong>rok 2023<\/strong><\/p>\n\n\n\n<p>&#8211;<\/p>\n\n\n\n<p class=\"has-medium-font-size\"><strong>rok 2022<\/strong><\/p>\n\n\n\n<p>26.b\u0159ezna Velk\u00e9 Mezi\u0159i\u010d\u00ed<br>27.b\u0159ezna Velk\u00e9 Mezi\u0159i\u010d\u00ed<br>4.dubna \u010cesk\u00e9 Bud\u011bjovice<br>8.kv\u011btna Sta\u0148kov<br>29.kv\u011btna Horn\u00ed Po\u010dernice<br>3.\u010dervence Klatovy<br>9.\u010dervence Netolice<br>23.\u010dervence Martin\u011bves<br>13.srpna Slan\u00fd<br>14.srpna T\u00fdn nad Vltavou<br>27.srpna Dog show D\u017eb\u00e1n<br>18.z\u00e1\u0159\u00ed Klatovy<br>24.z\u00e1\u0159\u00ed Praha D\u017eb\u00e1n<br>25.z\u00e1\u0159\u00ed Louny<br>27.listopadu Hotel J\u00edv\u00e1k<\/p>\n\n\n\n<p class=\"has-medium-font-size\"><strong>rok 2021<\/strong><\/p>\n\n\n\n<p>12.\u010dervna Rokycany<br>19.\u010dervna Hotel J\u00edv\u00e1k<br>20.\u010dervna Hotel J\u00edv\u00e1k<br>4.\u010dervence Klatovy<br>10.\u010dervence Netolice<br>11.\u010dervence N\u00e1m\u011b\u0161\u0165 na Han\u00e9<br>24.\u010dervence Martin\u011bves<br>1.srpna Klatovy<br>7.srpna Horn\u00ed Po\u010dernice<br>8.srpna T\u00fdn nad Vltavou<br>21.srpna Dog Show D\u017eb\u00e1n<br>4.z\u00e1\u0159\u00ed Karlovy Vary<br>5.z\u00e1\u0159\u00ed Sta\u0148kov<br>11.z\u00e1\u0159\u00ed Dunajsk\u00fd Kl\u00e1tov<br>12.z\u00e1\u0159\u00ed Dunajsk\u00fd Kl\u00e1tov<br>25.z\u00e1\u0159\u00ed Praha D\u017eb\u00e1n<br>2.\u0159\u00edjna Velk\u00e9 Mezi\u0159i\u010d\u00ed<br>30.\u0159\u00edjna H\u00f6ckendorf<br>31.\u0159\u00edjna H\u00f6ckendorf<br>20.listopadu Hotel J\u00edv\u00e1k<\/p>\n\n\n\n<p class=\"has-medium-font-size\"><strong>rok 2020<\/strong><\/p>\n\n\n\n<p>29.\u00fanora Lys\u00e1 nad Labem<br>6.\u010dervna Hotel J\u00edv\u00e1k<br>7.\u010dervna Hotel J\u00edv\u00e1k<br>6.\u010dervence Sta\u0148kov<br>25.\u010dervence Martin\u011bves<br>1.srpna Kladno<br>2.srpna T\u00fdn nad Vltavou<br>8.srpna Rokycany<br>17.z\u00e1\u0159\u00ed Nitra<br>18.z\u00e1\u0159\u00ed Nitra<br>19.z\u00e1\u0159\u00ed Nitra<br>20.z\u00e1\u0159\u00ed Nitra<br>28.z\u00e1\u0159\u00ed Martin\u011bves<br>4.\u0159\u00edjna \u010cesk\u00e9 Bud\u011bjovice<br>6.prosince Hotel J\u00edv\u00e1k<\/p>\n\n\n\n<p class=\"has-medium-font-size\"><strong>rok 2019<\/strong><\/p>\n\n\n\n<div class=\"wp-block-columns\">\n<div class=\"wp-block-column\">\n<figure class=\"wp-block-image size-large is-resized\"><img loading=\"lazy\" src=\"https:\/\/www.bichonfrise.cz\/wp-content\/uploads\/2023\/01\/1-1-edited.png\" alt=\"\" class=\"wp-image-104\" width=\"180\" height=\"180\"\/><\/figure>\n<\/div>\n\n\n\n<div class=\"wp-block-column\">\n<figure class=\"wp-block-image size-large\"><img loading=\"lazy\" width=\"528\" height=\"548\" src=\"https:\/\/www.bichonfrise.cz\/wp-content\/uploads\/2023\/01\/4-1-edited.jpg\" alt=\"\" class=\"wp-image-101\" srcset=\"https:\/\/www.bichonfrise.cz\/wp-content\/uploads\/2023\/01\/4-1-edited.jpg 528w, https:\/\/www.bichonfrise.cz\/wp-content\/uploads\/2023\/01\/4-1-edited-289x300.jpg 289w\" sizes=\"(max-width: 528px) 100vw, 528px\" \/><\/figure>\n<\/div>\n\n\n\n<div class=\"wp-block-column\">\n<figure class=\"wp-block-image size-large is-resized\"><img loading=\"lazy\" src=\"https:\/\/www.bichonfrise.cz\/wp-content\/uploads\/2023\/01\/3-edited.jpg\" alt=\"\" class=\"wp-image-103\" width=\"175\" height=\"175\"\/><\/figure>\n<\/div>\n<\/div>\n\n\n\n<p>2.b\u0159ezna Neussen<br>3.b\u0159ezna Neussen<br>30.b\u0159ezna H\u00f6ckendorf<br>31.b\u0159ezna H\u00f6ckendorf<br>14.dubna \u010cesk\u00e9 Bud\u011bjovice<br>8.kv\u011btna Sta\u0148kov<br>25.kv\u011btna Plze\u0148<br>26.kv\u011btna Horn\u00ed Po\u010dernice<br>1.\u010dervna Rokycany<br>8.\u010dervna St\u0159\u00edt\u011b\u017e<br>9.\u010dervna St\u0159\u00edt\u011b\u017e<br>16.\u010dervna Ben\u00e1tky nad Jizerou<br>30.\u010dervna Klatovy<br>14.\u010dervence Mlad\u00e1 Boleslav<br>20.\u010dervence Martin\u011bves<br>3.srpna Kladno<br>4.srpna T\u00fdn nad Vltavou<br>31.srpna Sv\u00e4t\u00fd Jur, Horsk\u00fd hotel Eva<br>1.z\u00e1\u0159\u00ed Sv\u00e4t\u00fd Jur, Horsk\u00fd hotel Eva<br>14.z\u00e1\u0159\u00ed Liberec<br>15.z\u00e1\u0159\u00ed Martin\u011bves<br>28.z\u00e1\u0159\u00ed Praha D\u017eb\u00e1n<br>29.z\u00e1\u0159\u00ed Louny<br>5.\u0159\u00edjna Rokycany<br>6.\u0159\u00edjna Litom\u011b\u0159ice<br>13.\u0159\u00edjna \u010cesk\u00e9 Bud\u011bjovice<br>19.\u0159\u00edjna Praha Svornost<br>6.prosince Nitra<br>7.prosince Nitra<br>8.prosince Nitra<\/p>\n\n\n\n<p class=\"has-medium-font-size\"><strong>rok 2018<\/strong><\/p>\n\n\n\n<p>5.srpna&nbsp; T\u00fdn nad Vltavou<br>8.z\u00e1\u0159\u00ed&nbsp; Liberec<br>29.z\u00e1\u0159\u00ed Rokycany<br>7.\u0159\u00edjna&nbsp; \u010cesk\u00e9 Bud\u011bjovice<br>20.\u0159\u00edjna Praha Svornost<br>8.prosince&nbsp; IHA Wels<br>9.prosince&nbsp; IHA Wels<\/p>\n","protected":false},"excerpt":{"rendered":"<p>rok 2023 &#8211; rok 2022 26.b\u0159ezna Velk\u00e9 Mezi\u0159i\u010d\u00ed27.b\u0159ezna Velk\u00e9 Mezi\u0159i\u010d\u00ed4.dubna \u010cesk\u00e9 Bud\u011bjovice8.kv\u011btna Sta\u0148kov29.kv\u011btna Horn\u00ed Po\u010dernice3.\u010dervence Klatovy9.\u010dervence Netolice23.\u010dervence Martin\u011bves13.srpna Slan\u00fd14.srpna T\u00fdn nad Vltavou27.srpna Dog show D\u017eb\u00e1n18.z\u00e1\u0159\u00ed Klatovy24.z\u00e1\u0159\u00ed Praha D\u017eb\u00e1n25.z\u00e1\u0159\u00ed Louny27.listopadu Hotel J\u00edv\u00e1k rok 2021 12.\u010dervna Rokycany19.\u010dervna Hotel J\u00edv\u00e1k20.\u010dervna Hotel J\u00edv\u00e1k4.\u010dervence Klatovy10.\u010dervence &hellip; <a href=\"https:\/\/www.bichonfrise.cz\/uvod\/vystavy\/\">Cel\u00fd p\u0159\u00edsp\u011bvek <span class=\"meta-nav\">&rarr;<\/span><\/a><\/p>\n","protected":false},"author":1,"featured_media":0,"parent":0,"menu_order":0,"comment_status":"closed","ping_status":"closed","template":"","meta":[],"_links":{"self":[{"href":"https:\/\/www.bichonfrise.cz\/uvod\/wp-json\/wp\/v2\/pages\/36"}],"collection":[{"href":"https:\/\/www.bichonfrise.cz\/uvod\/wp-json\/wp\/v2\/pages"}],"about":[{"href":"https:\/\/www.bichonfrise.cz\/uvod\/wp-json\/wp\/v2\/types\/page"}],"author":[{"embeddable":true,"href":"https:\/\/www.bichonfrise.cz\/uvod\/wp-json\/wp\/v2\/users\/1"}],"replies":[{"embeddable":true,"href":"https:\/\/www.bichonfrise.cz\/uvod\/wp-json\/wp\/v2\/comments?post=36"}],"version-history":[{"count":5,"href":"https:\/\/www.bichonfrise.cz\/uvod\/wp-json\/wp\/v2\/pages\/36\/revisions"}],"predecessor-version":[{"id":384,"href":"https:\/\/www.bichonfrise.cz\/uvod\/wp-json\/wp\/v2\/pages\/36\/revisions\/384"}],"wp:attachment":[{"href":"https:\/\/www.bichonfrise.cz\/uvod\/wp-json\/wp\/v2\/media?parent=36"}],"curies":[{"name":"wp","href":"https:\/\/api.w.org\/{rel}","templated":true}]}}